 + 12 + 3 + (-5 - -32) - 10 - -11?
20
Calculate -7 - (60 + -98) - (0 + 0 - 8).
39
What is the value of (-2 - -5 - (-6 - -23 - (-1 + 18))) + -49?
-46
What is the value of -3 - 62 - (-61 + 34) - 41?
-79
(-8 - (160 - 78)) + 84
-6
Calculate 10 - (10 - (-22 - (-5 - 6))).
-11
Evaluate 41 - (40 - 58 - -54).
5
Evaluate 178 + -8 - (619 - 589).
140
What is the value of (-2 - -10) + (6 - -58) - (-7 + 16)?
63
(-799 - -696) + 14 + (8 - 3)
-84
What is the value of 1 + 54 + (6 + -23 + 22 + -27 - -22)?
55
What is the value of 2 + -28 + 24 + (-20 + 21 - 22)?
-23
Calculate (-12 + 10 - 11) + 4 + 7 + -19 + -6.
-27
Calculate 127 - 125 - (19 - 8 - 8 - (55 + 3)).
57
99 + -7 + 11 - (-5 + 1 - 0 - -2)
105
What is the value of 20 - -1 - (-6 - -13) - 29?
-15
Evaluate (6168 - 5942) + (-127 - 0).
99
Evaluate 4 + 30 + 29 - ((4 - 6) + -2 + -2).
69
Evaluate (-39 - -1) + (84 - (42 - 3)) + -36.
-29
What is 1196 + -1212 - (-22 + 2)?
4
Evaluate (1 - 12) + -3 - (58 + -67 + -16 + 38).
-27
Evaluate (71 - 70) + 18 + -60.
-41
What is the value of 2 + -4 + 24 - (11 + (-5 + -10 - -3))?
23
Calculate -6 - (27 - ((-16 - -17) + 33)).
1
Evaluate (53 - (-4 + 8)) + -12 - (14 + -6).
29
144 + 0 + -46 + 6
104
What is 10 + -33 + (1 - 6) + -12?
-40
Evaluate (-36 - 2) + 23 - -23 - (-23 - 2).
33
What is the value of -12 + (-11 - -13) + -13 + -4 + -3 + -12?
-42
What is the value of (-1 - -17) + 23 + -20 + -7?
12
What is -9 - ((-1 - 7) + (23 - 22))?
-2
Calculate (10 - (-46 + 9)) + (7 - (-32 + 21)).
65
Evaluate 36 + (-42 - (20 - (-3 + 44))).
15
What is the value of -38 - (70 + -33 + -76)?
1
Evaluate (-42 - 27 - -34) + 11.
-24
What is the value of (1 - (51 - 124)) + -50?
24
-1 + (-12 - -21) + (-35 + -7 - (7 + -6))
-35
What is the value of (-12 - -19) + 4 - 1 - 40?
-30
What is the value of -7 + 3 + 14 + 1 + -1 + (4 - -5)?
19
What is the value of (-1 - (-3 + 4)) + 15 + 27 - -18?
58
What is the value of (-148 - 78 - -234) + -131 + (-1 - (2 + -4))?
-122
Calculate 10 - (-8 - 20 - -47) - (1 - -32).
-42
Calculate (0 + 9 - 131) + (-50 + 31 - -41).
-100
Evaluate (-32 - (6 - (-2 + 6))) + -12 + 0.
-46
Calculate 44 + (-5 - (-8 - -12)) + -30 + 22.
27
Evaluate (-2 + 0 + -10 - (83 + -88)) + 13.
6
What is -85 + -7 + 48 + 36?
-8
635 - 617 - (-3 - (0 + -5 - 95))
-79
Calculate -1 + (-2 - -3) + (-6 - 32) + 93 - 8.
47
What is 7 + -19 - -22 - 20 - (-3 - (-7 + 0))?
-14
What is the value of 10 + -2 + -4 - (-28 + 56 - -2)?
-26
What is (33508 - 33542) + (-5 - (-1 + 2 + -1))?
-39
-336 + 372 + (2 - 23) + -2 + -121
-108
What is the value of -50 + 79 + 47 + -17?
59
Calculate 20 - (6 + -24 + -1).
39
Evaluate (11 - (7 + 1)) + 0 + (-4 - (-37 - -2)).
34
What is the value of 10 - (-62 - (8 + 13 + -47))?
46
Calculate -88 + (2 - 5 - -19) + -32 + 27 + -5.
-82
What is (66 - (-46 - -54)) + -37?
21
Evaluate -8 - (-10 - -5) - (-8 + 1 + (74 - 3)).
-67
What is 4 + -14 - ((21 - 16) + -30) - -62?
77
Calculate -10 - -60 - ((-7 - 3) + -16 + 9).
67
Calculate 835 - 882 - (-7 + 3 + 4 + -2 + -2).
-43
What is the value of -650 + 592 - (0 + -16)?
-42
What is 21 + -32 - (29 - 31)?
-9
What is 1 - (-2 - 29) - (-120 + 122)?
30
What is -21 - (-70 + 56 - -12)?
-19
What is the value of 15 - (105 - -3 - (-21 + 15 - -20))?
-79
What is the value of (-217 - 5) + 653 + -521?
-90
-34 + -77 + 21 + -40
-130
What is 1 + (7 - -1) - (-2450 + 2474) - 18?
-33
What is the value of -62 - (10 + (11 - -4) + -29)?
-58
(-14 - -139 - -135) + -134
126
Evaluate -51 - (-22 - 31) - 0.
2
What is 41 + (5 + -26 - -11) + 33?
64
(21260 - 21178) + -17 + (2 - (2 + -1))
66
Calculate (133 - 1) + 506 + -596.
42
What is -3 + 8 - ((-3 - 26) + 6 - (-13 + 0))?
15
Evaluate -59 + -2 + 1 - (-73 + 115 - 57).
-45
What is -7 - (-27 - (-43 + 52 + -23))?
6
What is (-6 - (-15 - 3 - (78 - 86))) + 20 + 3?
27
Calculate 87 - (19 - (15 - 2 - (256 - 258))).
83
What is 23 + (-19 - 62) - (-21 - (-5 + -2))?
-44
2354 + -2336 + 0 + -39
-21
Evaluate -3257 - -3108 - (-24 - 5 - -2).
-122
What is the value of -170 - (-9 - (130 + -50))?
-81
Calculate 0 + -1 + 13 - (-31 - -59 - 40).
24
Evaluate 2 - (-45 + (-16 - (-9 + 4 - 6) - 5)).
57
-2 + 42 - ((-172 - -6) + 149)
57
Calculate (2388 - 2332) + (-59 - 2).
-5
Evaluate 98 + (-38 - (-6 + -23 - -16)).
73
-7 - (-1 + 4 + 2 - (-15 + 5 - 1))
-23
What is the value of 7 + (46 - 4) + 3 - (-53 - -49)?
56
Calculate 143 - (-2 + -2 - -42 - (-8 - -28)).
125
What is -31 - (-91 + -44 + 94)?
10
What is the value of -63 + 103 - 43 - -35?
32
Evaluate 78 - -1 - (-326 + 488).
-83
What is (-48 - -38) + -11 + 43?
22
-33 - (-6 + (8 + -21 + 14 - -2))
-30
Calculate (1 - -8) + -9 - 6 - (-2 - (61 - -5)).
62
-38 + 153 + -75 - 73
-33
What is 82 + -6 - 73 - 78?
-75
What is -65 + -13 + 65 + 57 + -1?
43
Evaluate (6 - 25 - (-17 + 12)) + 15 - -69.
70
38 - (76 - 125 - -9)
78
What is -39 + 131 + 0 + 6 - (2 + 17)?
79
Evaluate -2 - ((0 - -5) + -58) - (280 - 267).
38
Evaluate (12 - (-27 - -20)) + -32 - -53.
40
Evaluate 569 - 490 - ((-5 - -1) + (6 - 0)).
77
(0 - -57) + (887 - 867) + (-11 - -1) + -3
64
What is -6 + -34 + 48 + (-15 - -2) + -80 - -8?
-77
Calculate 6 + -3 + -56 - (17 - (103 - 90)).
-57
91 + -1 - (-183 + 191 + 7 + 6)
69
Evaluate -10 + (-2622 + 2610 - (4 - 2 - 3 - 135)).
114
Calculate -15 + -13 + 20 - (5 + -3 - 10 - -68).
-68
What is 45 + -14 + (-31 - -46) + (10 - 1)?
55
Evaluate -50 - ((72 - -15) + -34).
-103
Evaluate (-18 - (-9 - -6)) + 13 + -21 + -3.
-26
Evaluate -101 + 96 + (-75 - -166).
86
What is (6 - 31) + (-4 + 1 + 7 - -6)?
-15
What is the value of 1 + -72 + 58 + -26 + 9 + -48?
-78
What is the value of (27 - 3 - (-192 - -244)) + (-4 - -1)?
-31
(-3 - -1) + (22 - (-22 + 38 - -75))
-71
What is the value of 27 - (-9 + (9 - 13) + 22 - (1 + 13))?
32
Calculate (0 - -2) + 2 - ((-1 + -25 - -13) + 20).
-3
4 - (29 - (58 - 32))
1
(0 - -14) + (-26 - (33 - 35) - -62)
52
-50 + 37 + (11 - -38)
36
What is the value of 57 + -22 + -58 + (2 - -5)?
-16
Calculate 9 + ((-53 - -17) + 15 - 28).
-40
What is -245 + 218 + (0 - -1) + (10 - 6 - 5)?
-27
What is the value of -14 + (-73 - -5) - (-134 - -155)?
-103
Calculate 20 - (328 + -330 - (-11 - 1)).
10
What is 109 - (45 + 58 + -39)?
45
What is the value of 73 + 0 - (-14777 + 14837)?
13
What is 132 - 81 - (-34 - -18 - (3 - 5))?
65
Evaluate 14151 + -14146 - (-4 + 0 + (2 - 1) + -2).
10
Evaluate (-2001 - -2030) + (-2 - -41).
68
Evaluate ((-1 - 7) + 4 - (18 - (-16 - -9))) + -10.
-39
Evaluate -48 - 20 - -18 - 21.
-71
(-5 - (6 - 64)) + (-21 - 0)
32
-175 + 147 - (28 + -1) - -2
-53
Calculate 11 + (3 - (11 + -20) - 17 - (3 - 0)).
3
What is the value of -103 - -100 - (-11 - 0) - -18?
26
(-4 - -14) + (-3 - 4) - (-6 + -43 - 6)
58
Evaluate -7 + 9 + 14 - (5 + 21).
-10
(-17 + -28 - 32) + 41
-36
What is -16 + (19 + -4 - (-22 + 29) - -48)?
40
What is the value of 5 + 0 + (5 - -2) + -2 + 1?
11
What is the value of -1 + -1 + 11 + (85 - 82) - (17 + 3)?
-8
What is (5 - -2) + (31 - 38 - 15)?
-15
Calculate 20 - (-82 + (-7 + 21 - -7)).
81
What is (-20 - -20 - -37) + -68?
-31
What is the value of 95 + -119 + -97 + 129?
8
What is the value of -14 + -88 + (1 - 16) + 22 + 0?
-95
What is the value of (15 - 9) + (13 - (6 + 45 - -2))?
-34
Calculate 95 + -120 + 147 + -166.
-44
Calculate (-5 - (-35 + 1)) + (54 - 1).
82
-2 + (88 - 77 - 20)
-11
What is 25 + -7 + -14 - (-2 + 2 + -35)?
39
What is the value of (-4 - -2) + 42 - (-4 + (28 - 49) + 24)?
41
What is the value of (0 - 76) + 0 - (-962 + 955)?
-69
Calculate -65 + (-1 - 1) + (5 - -1) + (31 - 37).
-67
Evaluate -14 - (4 - (12 + -21 + 153)).
126
Calculate (-11 + 29 - 5) + (2 - ((-4 - -10) + -54)).
63
(-31 + 35 - -28) + 12
44
Evaluate (13 - -1) + (4 - (-226 + 204)).
40
-1 + -1 - (2 + -1 + -1) - (104621 - 104633)
10
Evaluate (20 - 12) + -43 + 7.
-28
What is (46367 - 46368) + (-4 - (-1 - 0))?
-4
Calculate 14 + 17 - (8 + -1 + -33).
57
What is 10 - (73 + (15 + -29 - -10) - 16)?
-43
Calculate 7 - (-9 - -72) - (-834 + 836).
-58
What is the value of 35 - 0 - ((33 - (28 - 3)) + 0)?
27
Calculate (0 + -39 - (32 - 24)) + -59 + 59.
-47
6 + -3 + 20 - (17 + 8 + -14 + -1)
13
0 + 9 + (3 - (-18 - (-10 + 5 + -12)))
13
-84 - -3 - (13 + 15 + 8 + -37)
-80
-88 + 80 + 3 + 8 + 2
5
What is (-16 - (46 + -43 - (8 + -11))) + 8?
-14
8 - (-7 + (5 - 16 - -19) + 69 + 3)
-65
What is the value of 26 - 29 - -7 - (4 - (2 + 13))?
15
(-3 - (-7 - (-4 + -6)) - 17) + -11
-34
-97 + (-12 - (-35 + -9 + 